36.
28
Calculate the remainder when 62 is divided by 16.
14
Calculate the remainder when 867 is divided by 832.
35
Calculate the remainder when 517 is divided by 74.
73
What is the remainder when 370 is divided by 117?
19
Calculate the remainder when 20 is divided by 5.
0
What is the remainder when 2424 is divided by 176?
136
What is the remainder when 442 is divided by 12?
10
What is the remainder when 101 is divided by 26?
23
What is the remainder when 126 is divided by 27?
18
Calculate the remainder when 7530 is divided by 9.
6
Calculate the remainder when 282 is divided by 11.
7
Calculate the remainder when 3493 is divided by 159.
154
Calculate the remainder when 15044 is divided by 88.
84
What is the remainder when 4682 is divided by 234?
2
Calculate the remainder when 3266 is divided by 121.
120
What is the remainder when 7571 is divided by 75?
71
What is the remainder when 4114 is divided by 64?
18
What is the remainder when 153 is divided by 26?
23
What is the remainder when 567 is divided by 30?
27
Calculate the remainder when 1623 is divided by 811.
1
What is the remainder when 15108 is divided by 35?
23
What is the remainder when 272 is divided by 92?
88
What is the remainder when 116 is divided by 116?
0
What is the remainder when 11 is divided by 7?
4
Calculate the remainder when 17688 is divided by 145.
143
What is the remainder when 246 is divided by 32?
22
What is the remainder when 85 is divided by 16?
5
Calculate the remainder when 1244 is divided by 83.
82
What is the remainder when 54 is divided by 11?
10
What is the remainder when 22342 is divided by 133?
131
What is the remainder when 212 is divided by 20?
12
What is the remainder when 6559 is divided by 10?
9
Calculate the remainder when 597 is divided by 570.
27
Calculate the remainder when 512 is divided by 86.
82
What is the remainder when 342 is divided by 25?
17
Calculate the remainder when 175 is divided by 45.
40
Calculate the remainder when 373 is divided by 47.
44
What is the remainder when 411 is divided by 198?
15
Calculate the remainder when 69087 is divided by 136.
135
What is the remainder when 951 is divided by 165?
126
What is the remainder when 171 is divided by 25?
21
What is the remainder when 155 is divided by 23?
17
Calculate the remainder when 557 is divided by 114.
101
What is the remainder when 752 is divided by 280?
192
What is the remainder when 2307 is divided by 21?
18
What is the remainder when 182 is divided by 65?
52
Calculate the remainder when 1594 is divided by 123.
118
What is the remainder when 47 is divided by 14?
5
Calculate the remainder when 1116 is divided by 86.
84
What is the remainder when 1324 is divided by 269?
248
What is the remainder when 168 is divided by 31?
13
What is the remainder when 6489 is divided by 55?
54
What is the remainder when 223 is divided by 23?
16
Calculate the remainder when 128 is divided by 67.
61
Calculate the remainder when 142 is divided by 42.
16
Calculate the remainder when 142 is divided by 24.
22
Calculate the remainder when 1833 is divided by 151.
21
What is the remainder when 118 is divided by 17?
16
Calculate the remainder when 311 is divided by 37.
15
What is the remainder when 1049 is divided by 39?
35
What is the remainder when 19 is divided by 3?
1
Calculate the remainder when 1584 is divided by 26.
24
What is the remainder when 210 is divided by 5?
0
Calculate the remainder when 196 is divided by 29.
22
Calculate the remainder when 344 is divided by 62.
34
What is the remainder when 181 is divided by 91?
90
What is the remainder when 124 is divided by 14?
12
Calculate the remainder when 9748 is divided by 106.
102
What is the remainder when 601 is divided by 55?
51
Calculate the remainder when 537 is divided by 15.
12
What is the remainder when 771 is divided by 27?
15
Calculate the remainder when 253 is divided by 47.
18
Calculate the remainder when 826 is divided by 6.
4
What is the remainder when 273 is divided by 53?
8
What is the remainder when 609 is divided by 10?
9
Calculate the remainder when 2606 is divided by 16.
14
Calculate the remainder when 380 is divided by 191.
189
What is the remainder when 3026 is divided by 1510?
6
What is the remainder when 1422 is divided by 141?
12
Calculate the remainder when 156 is divided by 10.
6
What is the remainder when 164 is divided by 78?
8
Calculate the remainder when 916 is divided by 7.
6
What is the remainder when 7673 is divided by 31?
16
Calculate the remainder when 250 is divided by 32.
26
What is the remainder when 65 is divided by 33?
32
Calculate the remainder when 461 is divided by 25.
11
Calculate the remainder when 286 is divided by 6.
4
Calculate the remainder when 1738 is divided by 116.
114
What is the remainder when 27 is divided by 8?
3
What is the remainder when 538 is divided by 108?
106
Calculate the remainder when 213 is divided by 8.
5
What is the remainder when 679 is divided by 426?
253
Calculate the remainder when 329 is divided by 87.
68
What is the remainder when 142 is divided by 48?
46
What is the remainder when 1133 is divided by 71?
68
What is the remainder when 410 is divided by 126?
32
Calculate the remainder when 227 is divided by 5.
2
What is the remainder when 171 is divided by 12?
3
What is the remainder when 2395 is divided by 17?
15
What is the remainder when 416 is divided by 95?
36
Calculate the remainder when 4313 is divided by 127.
122
Calculate the remainder when 2277 is divided by 22.
11
Calculate the remainder when 122 is divided by 32.
26
Calculate the remainder when 311 is divided by 63.
59
Calculate the remainder when 570 is divided by 81.
3
Calculate the remainder when 1438 is divided by 9.
7
What is the remainder when 1178 is divided by 6?
2
Calculate the remainder when 213 is divided by 46.
29
What is the remainder when 473 is divided by 73?
35
What is the remainder when 2195 is divided by 36?
35
What is the remainder when 543 is divided by 78?
75
What is the remainder when 1471 is divided by 32?
31
Calculate the remainder when 243 is divided by 141.
102
What is the remainder when 159 is divided by 27?
24
What is the remainder when 145 is divided by 91?
54
Calculate the remainder when 168 is divided by 51.
15
Calculate the remainder when 243 is divided by 24.
3
What is the remainder when 3284 is divided by 13?
8
Calculate the remainder when 695 is divided by 58.
57
Calculate the remainder when 153 is divided by 88.
65
Calculate the remainder when 7857 is divided by 18.
9
What is the remainder when 782 is divided by 67?
45
What is the remainder when 84 is divided by 29?
26
What is the remainder when 53 is divided by 11?
9
What is the remainder when 122 is divided by 36?
14
What is the remainder when 79 is divided by 9?
7
What is the remainder when 2347 is divided by 84?
79
What is the remainder when 141 is divided by 39?
24
What is the remainder when 247 is divided by 43?
32
Calculate the remainder when 223 is divided by 111.
1
What is the remainder when 113 is divided by 15?
8
Calculate the remainder when 317 is divided by 105.
2
What is the remainder when 275 is divided by 220?
55
Calculate the remainder when 2038 is divided by 17.
15
What is the remainder when 53 is divided by 28?
25
Calculate the remainder when 820 is divided by 151.
65
Calculate the remainder when 189 is divided by 87.
15
What is the remainder when 277 is divided by 100?
77
What is the remainder when 123 is divided by 56?
11
What is the remainder when 1271 is divided by 49?
46
Calculate the remainder when 36 is divided by 5.
1
What is the remainder when 98 is divided by 15?
8
What is the remainder when 30378 is divided by 155?
153
Calculate the remainder when 23 is divided by 13.
10
Calculate the remainder when 2468 is divided by 1224.
20
Calculate the remainder when 78 is divided by 11.
1
What is the remainder when 165 is divided by 29?
20
Calculate the remainder when 151 is divided by 51.
49
What is the remainder when 1565 is divided by 24?
5
Calculate the remainder when 2300 is divided by 59.
58
Calculate the remainder when 1065 is divided by 156.
129
What is the remainder when 95 is divided by 65?
30
What is the remainder when 348 is divided by 16?
12
What is the remainder when 111 is divided by 24?
15
Wha